 11.
10
Let x = -3 - -6. Suppose -q - 3*o + 5 = 1, x*q - 4*o = 77. Calculate the remainder when 92 is divided by q.
16
Let c(b) = -b + 23. Let u(r) = 15*r**2 - 3*r - 4. Calculate the remainder when u(-1) is divided by c(15).
6
Let t = -33 + 78. Suppose 2*l - 1 - 15 = 0. Calculate the remainder when t is divided by l.
5
Suppose 2*f + 5*c - 121 = f, 5*f - 3*c = 745. What is the remainder when f is divided by 17?
10
Let l = -5 + 21. Suppose 3*t = -5*j + 153, 0*j - 59 = -2*j + t. Calculate the remainder when j is divided by l.
14
Let d(h) = 2*h + 50. Calculate the remainder when (22/12)/(3/18) is divided by d(-22).
5
Let c = 31 + -2. Let w(n) = -n. Let p be w(-2). Suppose 18 = p*g + 2*u, 5*u = 3*g - 4*g + 5. What is the remainder when c is divided by g?
9
Suppose 5*o - 838 = -3*h, -2*o - 4*h = -6*h - 348. What is the remainder when o is divided by 58?
54
Suppose -2*t - 34 = -2*d - d, 3*d = -5*t - 1. Let m(l) = l**2 - 5*l - 3. Calculate the remainder when m(d) is divided by 84/10 - (-6)/(-15).
5
Let s(p) = 21*p + 7. Suppose -46 - 23 = -3*x. What is the remainder when s(4) is divided by x?
22
Let u = 31 + -111. Calculate the remainder when (-1 + 7)*u/(-12) is divided by 21.
19
Suppose 3*l - 264 = -2*y - 3*y, -l = 3*y - 156. Suppose 3*k = -3*z - 4 + 43, 0 = 4*z - 8. Calculate the remainder when y is divided by k.
7
Suppose 3*r = r + 2. Let f be (0 + r)*(17 + -1). Suppose f = 3*l - 3*o - 8, 5*o = -l + 8. What is the remainder when 15 is divided by l?
7
Let c(i) = -3*i - 34. Let h be c(-18). What is the remainder when 29 is divided by (h/12)/((-2)/(-12))?
9
Let a = 9 - 8. Let h(n) = -5 + 17*n**3 + 2*n - 5*n**2 + 4 - 4*n**3 + 3*n**2. What is the remainder when 21 is divided by h(a)?
9
Calculate the remainder when 39 is divided by (-60)/135 - (-470)/45.
9
What is the remainder when 12/20*-5 - -82 is divided by 21?
16
Let y(d) = d**2 + 3*d + 25. Let x(t) = -t**2 - 2*t - 26. Let h(s) = 4*x(s) + 5*y(s). Calculate the remainder when 86 is divided by h(-6).
11
Let y(d) = d**3 - 7*d**2 + 6*d + 3. Let i be y(6). Suppose -2*f + 3*m = -6*f + 286, i*m + 64 = f. What is the remainder when f is divided by 24?
22
Suppose 4*g - 5*g + 655 = 3*i, -3*i = -2*g - 670. Calculate the remainder when i is divided by 12.
4
Suppose -33 = 4*h - 121. What is the remainder when h is divided by 1*(-6)/2 - 0 - -17?
8
Let h(p) = 7*p**2 + 6*p + 2. Let k = -7 + 3. Let r be h(k). Suppose 4*a - 9*a = -r. What is the remainder when 71 is divided by a?
17
Suppose -v - 30 = 36. Let g = 75 + v. Calculate the remainder when 51 is divided by g.
6
Let x = -1326 + 1332. Let v = -5 + 9. Let i = 13 + v. What is the remainder when i is divided by x?
5
Let u = 20 - 17. Suppose -u*d + 79 = w + w, -3*w - 4*d = -117. What is the remainder when 69 is divided by w?
34
Suppose 0 = 332*c - 341*c + 108. Calculate the remainder when 81 is divided by c.
9
Let b be (-2 + 1)*2*-2. Suppose 79 = b*v - 1. Let z(i) = -9*i**3 + 2*i**2 + i + 1. What is the remainder when z(-2) is divided by v?
19
Suppose -d + 620 = 611. What is the remainder when 260 is divided by d?
8
Suppose 2*z + 3*h + 0*h = 164, 72 = z + 4*h. What is the remainder when z is divided by (2*2/(-12))/((-34)/2346)?
19
Calculate the remainder when (-28)/(-3) + 19/(-57) - -2 is divided by 5.
1
Let d = -37 + 22. Let j = 55 + d. Calculate the remainder when j is divided by 13 - (2 + -1 - 2).
12
Let t(v) = 3*v**3 + 5*v**2 - 7*v + 6. What is the remainder when t(4) is divided by 125?
0
Let s = -7 - -44. Calculate the remainder when s is divided by (1 - 3)*8/(-4).
1
Let i = 486 - 462. Suppose z = -3*q + 275, -3*z + 0*z + 461 = 5*q. Calculate the remainder when q is divided by i.
19
What is the remainder when 29*(4/26 - (-333)/117) is divided by 9?
6
Suppose 2*a = -3*o + 22 + 2, -3*a - 3 = -2*o. Calculate the remainder when 1 + -1 - -21 - -1 is divided by o.
4
Let v(d) = 20*d**2 + d. Let r(z) = 2*z**2 - 4*z + 0*z + 5 - 1. Calculate the remainder when v(-1) is divided by r(3).
9
Let o = -26 + 268. What is the remainder when o is divided by 70?
32
Suppose -2*w - 44 = -4*w. What is the remainder when w is divided by 3 - (1 - 0) - -6?
6
Let z = -781 - -847. Calculate the remainder when 459 is divided by z.
63
Calculate the remainder when 98 is divided by 14*15*(-11)/(-66).
28
Suppose -6*i + 4 = -5*i. Suppose 4*g = i*t + g + 5, -5 = 2*t - g. Let p(q) = -q**3 - 4*q**2 + 6*q + 10. Calculate the remainder when 16 is divided by p(t).
1
Suppose -h + 6*h + 4*v - 135 = 0, 5*v = 25. Suppose h*b - 27*b = -1012. What is the remainder when b is divided by 17?
15
Let x = -90 + 88. What is the remainder when 83 is divided by ((-168)/(-30) - 6)/(x/70)?
13
Calculate the remainder when 45 is divided by (-9 + 3 + 1)/(2/(-14)).
10
Let d be ((-2)/4)/((-2)/88). Suppose v + d = 150. Let m = -66 + v. Calculate the remainder when m is divided by 16.
14
Let k(r) = 3*r**3 - 11*r**2 - 2*r. Let f(x) = 2*x**3 - 6*x**2 - x. Let b(h) = 5*f(h) - 3*k(h). What is the remainder when 6 is divided by b(-2)?
0
Calculate the remainder when 1*1*(-6 - -1) - -161 is divided by 23.
18
Suppose 0 = -5*v + 3*y + 182, -5*v - y - 76 = -262. Calculate the remainder when v is divided by 29.
8
Let l = -362 + 512. Let o = l - 91. What is the remainder when o is divided by 15?
14
Suppose -x + 3*m + 9 = -0*m, -14 = -4*x + m. Suppose 5*n - x*n = 64. Let h = -26 + n. Calculate the remainder when h is divided by 3.
0
Let i = 39 - 37. Suppose 4*b - 89 = 5*k, 4*b - i*k - 42 = 2*b. What is the remainder when 0 - (78*-1 + -1) is divided by b?
15
Let b = 821 + -611. Calculate the remainder when b is divided by 50.
10
Suppose -4*q = -2*j - 638, 5*q - 4*j = 328 + 465. Suppose -2*l = 5*l - q. What is the remainder when l is divided by 8?
7
Suppose 442 = 5*h + 87. Let b = -45 + h. Suppose 0 = -3*m + 5*u + 12, -3*m + 0*m = 5*u - 42. What is the remainder when b is divided by m?
8
Let w = 238 - 145. Suppose -2*g = 2*k - 68, -5*k + 5*g = 2*g - 154. Calculate the remainder when w is divided by k.
29
Suppose 4*t + 1475 = 9*t. Suppose -d + t = 4*d. What is the remainder when d is divided by 9?
5
Suppose 5*l = -0*l + 40. Suppose l*h = -110 + 286. What is the remainder when 43 is divided by h?
21
Suppose -4*j + 2*j = s + 19, 2*j = 4*s - 14. Let w = j - -50. What is the remainder when 80 is divided by w?
39
Suppose -38 = -5*f - 4*y - 4, -11 = -2*f + y. Suppose 0 = f*x - 2*x - 240. What is the remainder when x is divided by 32?
28
Suppose 29 = -w + 73. Let d = w - -1. What is the remainder when 133 is divided by d?
43
Suppose -6*a + 7*a = 8. What is the remainder when 26 is divided by (a - 6)/(2/7)?
5
Let c(m) = 2*m**2 - 17*m - 8. Let l be c(9). Calculate the remainder when (l - 2)/(4 + 625/(-155)) is divided by 16.
15
Let h be 2/3*(6 + -3) + -2. Suppose -2*b + 11*b - 225 = h. Calculate the remainder when b is divided by 16.
9
Let c = 6 + 9. Calculate the remainder when c is divided by ((-126)/294)/(2/(-42)).
6
Let o be 445/(-4) + (7 + 0)/28. Calculate the remainder when (-1 - o/2) + 15/10 is divided by 15.
11
Let m(l) = -l**2 - 13*l + 40. Let w be m(-15). Suppose 2*x - w = -2, a - x = 85. What is the remainder when a is divided by 23?
20
Let g = 123 - 26. Let p = 139 - g. Let m = 32 - 17. What is the remainder when p is divided by m?
12
Let s = -96 + 63. Let d = 10 + s. Let m = 38 + d. What is the remainder when 57 is divided by m?
12
Suppose 2*n - 4*d + 2 = d, 29 = n + 5*d. Suppose 174 = n*g - 375. Calculate the remainder when g is divided by 16.
13
Let r be -5 + (0 - 4 - -9). Suppose 0 = 4*n - 2*n, -s - 4*n + 7 = r. What is the remainder when s is divided by 4?
3
Suppose -2*i - 4*l = -352, -i + 743 = 3*i - 5*l. What is the remainder when i is divided by 47?
41
Suppose 0 = 2*r - 5*r - 6. Calculate the remainder when (-6)/(-2) - 0/4 is divided by r*((-5)/(-2) - 3).
0
Suppose -2*r = -5*r + 48. Let h be -28 - 3/(3 + 0). Let i = 1 - h. What is the remainder when i is divided by r?
14
Let w(h) = h**3 - 15*h**2 + 45*h + 8. Calculate the remainder when 34 is divided by w(4).
10
Let r = -4349 + 4384. Suppose 0*c - c + 134 = 0. Calculate the remainder when c is divided by r.
29
Let t be 0 + (-3)/9*-111. Suppose t - 106 = -3*j. Calculate the remainder when j is divided by 6.
5
Let x(g) = -6*g**2 - 10*g - 7. Let i be x(-6). What is the remain